(y) = -y**3 + 32*y**2 - y + 45. Let j be (-5)/(-25) - (108/81 + 994/(-30)). Determine a(j).
13
Let a(i) = i**3 + 23*i**2 + 65*i + 39. Let q be a(-21). Let g = q - -443. Let j(k) = 8*k**3 + k. What is j(g)?
-9
Let f(w) be the third derivative of 11*w**4/12 + 55*w**3/6 + 2*w**2 - 50*w - 3. Calculate f(-3).
-11
Let l(s) = s**2 - 8*s + 6. Let m = -108 - -111. Let a be ((-7)/m)/((-10)/30). What is l(a)?
-1
Let j(c) = 15*c - 28*c + 11 + 10*c + 8*c + c**2 - 2*c. Give j(-5).
21
Let v(o) be the third derivative of 0 - 16*o**2 - o**3 - 1/24*o**4 + 0*o. Determine v(-8).
2
Let f(a) be the third derivative of a**6/120 + a**5/5 + a**4/8 + a**3/6 - 17647*a**2. Suppose -p = 2*p + 36. Give f(p).
-35
Let a(s) be the second derivative of -3*s**5/20 - s**4/6 - s**2 + 2*s + 42. Determine a(-2).
14
Let o(m) = 52 - 1 + 2 + 9 - 6*m. Determine o(7).
20
Let q = -27900 + 27886. Let b(l) = l**2 + 19*l + 66. Calculate b(q).
-4
Let s(p) = -p - 3. Let y be 15/(-10)*(1 - (-1412)/(-12)). Let j = 169 - y. What is s(j)?
3
Let d(u) = 20*u**2 + 3*u + 15. Let s(k) = 11*k**2 + k + 8. Let v(r) = 10*r + 1. Let n be v(1). Let p(z) = n*s(z) - 6*d(z). Give p(5).
-12
Let p(l) = -13 - 66*l - 66*l + 138*l - 3*l**2 - 2*l**2. Determine p(3).
-40
Suppose -151 = -8*l + 225. Suppose -l - 18 = 13*f. Let n(d) = -2*d**2 - 6*d - 5. Determine n(f).
-25
Let c(q) be the first derivative of 2*q - 3/2*q**2 - 149. Let g(s) = -3*s**2 + 2*s - 1. Let l be g(1). What is c(l)?
8
Let r(w) be the third derivative of -w**5/60 - 21*w**4/8 - 124*w**3/3 + 12215*w**2. What is r(-4)?
-12
Let f(x) = 3*x - 75. Suppose -8 = s - 30. What is f(s)?
-9
Let l(a) = -a**3 + 7*a**2 - 7*a + 4. Let c(b) be the first derivative of 19*b + 12 - 1/4*b**4 - 11/3*b**3 + 27/2*b**2. Let z be c(-13). Give l(z).
-2
Let r be (4 + (-7 - 5))/(-1). Let w be (23 - 27)*6/r. Let l(o) = -o**3 - 3*o**2 + o + 2. What is l(w)?
-1
Suppose -2*v + 46 = 30. Suppose 0 = 3*h - v*o + 7*o - 12, 5*h - 20 = o. Let m(q) = -q + 2. Let d(f) = 1. Let g(w) = 6*d(w) - 2*m(w). Determine g(h).
10
Let w = 190 + -189. Let q(c) = w - 23*c + 1 - 14*c + 33*c. Calculate q(-1).
6
Let p(r) = r**2 - 6*r - 32. Let i(d) = 3*d**2 - 19*d - 88. Let x(z) = -4*i(z) + 11*p(z). Give x(9).
9
Let m(p) = 2*p**3 - 4*p**2 - 3*p + 3. Let u be 264/72 + 8/(-12). What is m(u)?
12
Let c(p) be the second derivative of p**3 + 25*p + 0 - 1/12*p**4 + 17*p**2. Let j be c(10). Let o(x) = -x - 4. Give o(j).
2
Let o(l) = 2*l**3 + l + 1. Let s(a) = 6*a - 30. Let f be s(8). Let k(n) = 7*n - 127. Let v be k(f). Give o(v).
-2
Let a be 8 - (12 + -3 + -2). Let m(x) = -32*x**3 - 3*x**2 + x - 4. Let o(p) = 95*p**3 + 8*p**2 - 3*p + 11. Let z(r) = 8*m(r) + 3*o(r). Give z(a).
29
Let f be (-13 + 14)/((-1)/(-8)) + -2. Let d(t) = -f*t + 0 - 3 + 4*t. What is d(0)?
-3
Suppose -107*d + 8 = 95 + 555. Let m(b) = 3*b + 8. Let k(s) = -2*s - 5. Let c(w) = -8*k(w) - 5*m(w). Give c(d).
-6
Let t be (27/(-6))/(3/76). Let m be (3/(-2))/(t/152). Let r(p) = -p + 0*p - m*p - 3 + 12*p. What is r(-3)?
-30
Let d(m) = -m**2 + 4*m - 7. Let h = -425 + 425. Give d(h).
-7
Suppose -4*g = -s - 28 - 32, 3*g + 5*s = 22. Let q(d) = d + 48. Give q(g).
62
Let t(u) = -u**2 - 5*u + 10. Let y = -294 - -294. Let z be y + -8 - (-1 - (-3 + 4)). Determine t(z).
4
Let v(w) = -79*w + 860. Let b be v(11). Let l(z) be the third derivative of -z**6/120 - 3*z**5/20 - 7*z**3/6 - z**2. Give l(b).
-7
Let q(l) = 5*l**3 - 6*l**2 - l - 11. Let s(g) = -g**3. Let r(c) = q(c) + 6*s(c). Let v = 100211 - 100217. Determine r(v).
-5
Let n(g) = 26 + 301*g**2 - 82*g + 376*g**2 - 675*g**2. What is n(41)?
26
Let x(n) = -2*n**2 - 34*n + 9. Let u(a) = 96*a**2 + 291*a - 8. Let w be u(-3). What is x(w)?
9
Suppose 1270 - 1291 = 7*l. Let y(c) be the first derivative of 2*c + 3/2*c**2 + 5. Give y(l).
-7
Suppose 30*l = 4*f + 140, -3*l = 2*f + 2*l + 30. Let a(x) = -x**2 - 9*x + 211. Calculate a(f).
-9
Suppose 2*h = 4*c - 2*c - 12, -3*c + 9 = 0. Let d(k) be the third derivative of k**5/30 + k**4/8 - k**3/6 - k**2 - 2*k - 891. Calculate d(h).
8
Let s(f) = -33 - f + 10 + 19 + 2 + f**3 + f. Suppose 5 = -n, 3*i - i + 5 = -n. Calculate s(i).
-2
Let y(q) be the third derivative of -17/6*q**3 + 1/6*q**4 + 0*q - 153*q**2 + 0. Calculate y(6).
7
Let n(a) = 44*a + 174. Let y be 77/(-8) - 69/184 - -6. Give n(y).
-2
Let v(u) = -u**3 - u**2 - 2*u + 1. Let d(g) = g**3 + 8*g**2 - 6*g + 14. Let r(t) = -d(t) - 2*v(t). Let n be r(4). Let c(h) = h + 3 + 3 - 2. Calculate c(n).
-4
Let l(z) = z. Let a = -210 + 380. Let t = -169 + a. What is l(t)?
1
Let h(c) be the first derivative of -c**3/6 - c**2/2 + 3*c + 1. Let r(l) be the first derivative of h(l). Let u = 15822 - 15829. What is r(u)?
6
Let a(s) = 4*s**2. Suppose 5*g - 25 = 0, 6 = -b + 5*g - 23. Let u(x) = 17*x**2 + 3*x - 6. Let j(f) = b*a(f) + u(f). Calculate j(4).
22
Let n(d) be the first derivative of -5/24*d**4 + 0*d + 30 + 1/3*d**3 + 11/2*d**2 + 1/60*d**5. Let o(k) be the second derivative of n(k). Determine o(4).
-2
Let t be (-294)/(-49) + (0 - (2 + 2)). Let i(u) = 11*u**2 - 9*u - 19*u**2 + 2 + 7*u**t - 7 - 5. Give i(-7).
4
Let m(a) be the third derivative of -a**5/10 - a**3/6 - 301*a**2 - 3*a. Give m(1).
-7
Let m(a) be the third derivative of a**5/60 + a**4/6 - a**3 - 2834*a**2. Determine m(-5).
-1
Suppose 3*f + 34 - 4 = 2*p, -2*f - 68 = -4*p. Suppose 45 - p = 9*c. Let o(s) = s + 4 - c*s**2 - 8 + 6 + 2*s**2. What is o(-3)?
-10
Let k(x) be the first derivative of x**4/4 + x**3/3 - x**2 + 23*x - 4891. Give k(0).
23
Let m = 13194 + -13201. Let s(p) = 19*p**2 + 133*p. What is s(m)?
0
Let s be ((-912)/190)/(30/(-50)). Let j(t) = -t**2 + 12*t - 33. Give j(s).
-1
Suppose 6*o + 1 = 2*n - 35, o + 5*n - 26 = 0. Let t(z) = 5*z**2 - 7*z + 11. Let i(q) = q**2 + 1. Let x(f) = -6*i(f) + t(f). Give x(o).
17
Suppose -2*r + r = -2*a + 5, -5*r = -a - 20. Suppose -13 = 5*h - 6*h + 2*t, -4*h - a*t - 13 = 0. Let b(q) = -2*q + q**3 + q - 10*q**h + q**2 - 7 + 8. Give b(1).
-8
Let i(p) = 207*p**3 - 84*p**2 + 76*p - 143. Let n(x) = 148*x**3 - 56*x**2 + 50*x - 95. Let b(t) = 5*i(t) - 7*n(t). What is b(-29)?
-79
Let n(f) = -f**3 - 7*f**2 - 2*f + 8. Suppose -557 = -4*q - 1. Let d = q - 100. Suppose -2*b - 27 = 3*t, 4*b + d = -0*b - 3*t. Give n(b).
-16
Suppose -8*t + 3*t = -25. Let v(o) be the first derivative of -o**4/4 + 4*o**3/3 - o**2/2 + 5*o + 1331. Determine v(t).
-25
Let a(l) = 131 - 257 + 140 + 14*l. Let p(o) = -2*o - 4. Let r(h) = a(h) + 4*p(h). Determine r(5).
28
Let d be ((-4068)/1695)/((-4)/(-30)). Let g(q) = q - 16. Determine g(d).
-34
Let y(w) = w**2 + 2*w + 6. Let s = -131 + 135. Suppose 2*j + u = -11, -u + 15 = s*j + 34. Calculate y(j).
14
Let x(h) = -2*h**2 + h - 17. Let s(q) = -3*q**2 + q - 11. Let g(r) = 8*s(r) - 5*x(r). Determine g(2).
-53
Let c = 53 + -50. Suppose -41 - 49 = c*v + 3*n, 180 = -5*v + n. Let w be (-4)/(-14) + (-5 - 375/v). Let z(f) = -f**2 + 2*f + 7. Calculate z(w).
-17
Let g(y) be the first derivative of -11 + y + y**2 + y + 7*y - 7*y. What is g(2)?
6
Let c(a) = -3*a + 13. Let b be c(5). Let q(t) be the first derivative of t**4/4 + 2*t**3/3 - t**2 - 3*t - 360. Give q(b).
1
Let d(f) = -12*f**3 + 2*f**2 + f - 2. Let h = 2004 + -2003. What is d(h)?
-11
Suppose g + 5*n - 5 = 0, -3*g - n + 63 = -2*n. Let t be g*6/(-12)*(-4)/(-8). Let z(b) = 5*b + 5. Give z(t).
-20
Let i(v) be the third derivative of v**6/120 + 3*v**5/20 + 5*v**4/8 - v**3/6 + 933*v**2. Give i(-7).
-8
Let b(x) = -x**3 + 12*x**2 + 16*x - 24. Let l be b(13). Let y be 20/l + 1 + (-2)/6. Let m(r) = 2 + 61*r**2 + 57*r**2 - 2*r - 119*r**y. Determine m(-3).
-1
Let n be (2 - 1)*15/3. Suppose n = -f - 3*y - 0, 10 = -2*f + 2*y. Let r(b) = 13*b + 9*b - 26*b + 873*b**2 + 8*b - 872*b**2. Determine r(f).
5
Let x be (2/(-6))/(-14 + 79140/5652). Let n = x - -162. Let k(w) = -w**3 + 4*w**2 + 5*w - 6. Determine k(n).
-6
Let u(x) be the second derivative of x**5/20 - 5*x**4/12 - x**3/3 + 11*x**2/2 - 10619*x. Give u(5).
1
Let i(x) = -x - 9. Let w be 44/(-20) - -2 - (-153)/15. Suppose 4*c - 1 = 5*t + 5, -t - w = -3*c. Let v be (-30)/7 + t/7. Calculate i(v).
-5
Let m(w) = 2*w**3 + 22*w**2 - 24*w - 14. Suppose 0 = -3*d + 4*d - 5*g + 37, 5*d = -5*g - 35. Calculate m(d).
-14
Let j(k) = k**3 - 17*k**2 - 91*k + 141. Let x be j(21). Let d(n) = 3*n**2 + 12*n - 19. What is d(x)?
17
Let h(s) = -5*s**2 - 7*s 